{"id":134,"date":"2020-07-24T17:22:05","date_gmt":"2020-07-24T20:22:05","guid":{"rendered":"http:\/\/solucoes.prodesp.sp.gov.br\/solucoes\/portais\/template\/1\/?page_id=134"},"modified":"2020-07-24T18:58:17","modified_gmt":"2020-07-24T21:58:17","slug":"servicos","status":"publish","type":"page","link":"https:\/\/solucoes.prodesp.sp.gov.br\/apps\/portais\/template\/1\/index.php\/servicos\/","title":{"rendered":"Servi\u00e7os"},"content":{"rendered":"\t\t<div data-elementor-type=\"wp-page\" data-elementor-id=\"134\" class=\"elementor elementor-134\" data-elementor-settings=\"[]\">\n\t\t\t\t\t\t<div class=\"elementor-inner\">\n\t\t\t\t\t\t\t<div class=\"elementor-section-wrap\">\n\t\t\t\t\t\t\t<section class=\"elementor-section elementor-top-section elementor-element elementor-element-d36a016 elementor-section-boxed elementor-section-height-default elementor-section-height-default\" data-id=\"d36a016\" data-element_type=\"section\">\n\t\t\t\t\t\t<div class=\"elementor-container elementor-column-gap-default\">\n\t\t\t\t\t\t\t<div class=\"elementor-row\">\n\t\t\t\t\t<div class=\"elementor-column elementor-col-100 elementor-top-column elementor-element elementor-element-903d2e5\" data-id=\"903d2e5\" data-element_type=\"column\">\n\t\t\t<div class=\"elementor-column-wrap elementor-element-populated\">\n\t\t\t\t\t\t\t<div class=\"elementor-widget-wrap\">\n\t\t\t\t\t\t<div class=\"elementor-element elementor-element-353bc8e elementor-widget elementor-widget-heading\" data-id=\"353bc8e\" data-element_type=\"widget\" data-widget_type=\"heading.default\">\n\t\t\t\t<div class=\"elementor-widget-container\">\n\t\t\t<h2 class=\"elementor-heading-title elementor-size-default\">Mais acessados<\/h2>\t\t<\/div>\n\t\t\t\t<\/div>\n\t\t\t\t<section class=\"elementor-section elementor-inner-section elementor-element elementor-element-66dd1b8 elementor-section-boxed elementor-section-height-default elementor-section-height-default\" data-id=\"66dd1b8\" data-element_type=\"section\">\n\t\t\t\t\t\t<div class=\"elementor-container elementor-column-gap-default\">\n\t\t\t\t\t\t\t<div class=\"elementor-row\">\n\t\t\t\t\t<div class=\"elementor-column elementor-col-50 elementor-inner-column elementor-element elementor-element-6832907\" data-id=\"6832907\" data-element_type=\"column\">\n\t\t\t<div class=\"elementor-column-wrap elementor-element-populated\">\n\t\t\t\t\t\t\t<div class=\"elementor-widget-wrap\">\n\t\t\t\t\t\t<div class=\"elementor-element elementor-element-59af7ca elementor-position-top elementor-vertical-align-top elementor-widget elementor-widget-image-box\" data-id=\"59af7ca\" data-element_type=\"widget\" data-widget_type=\"image-box.default\">\n\t\t\t\t<div class=\"elementor-widget-container\">\n\t\t\t<div class=\"elementor-image-box-wrapper\"><figure class=\"elementor-image-box-img\"><a href=\"https:\/\/www.vunesp.com.br\/\"><img width=\"200\" height=\"200\" src=\"https:\/\/solucoes.prodesp.sp.gov.br\/apps\/portais\/template\/1\/wp-content\/uploads\/2020\/07\/concurso.png\" class=\"attachment-full size-full\" alt=\"\" loading=\"lazy\" srcset=\"https:\/\/solucoes.prodesp.sp.gov.br\/apps\/portais\/template\/1\/wp-content\/uploads\/2020\/07\/concurso.png 200w, https:\/\/solucoes.prodesp.sp.gov.br\/apps\/portais\/template\/1\/wp-content\/uploads\/2020\/07\/concurso-150x150.png 150w\" sizes=\"(max-width: 200px) 100vw, 200px\" \/><\/a><\/figure><div class=\"elementor-image-box-content\"><h3 class=\"elementor-image-box-title\"><a href=\"https:\/\/www.vunesp.com.br\/\">Concursos<\/a><\/h3><\/div><\/div>\t\t<\/div>\n\t\t\t\t<\/div>\n\t\t\t\t\t\t<\/div>\n\t\t\t\t\t<\/div>\n\t\t<\/div>\n\t\t\t\t<div class=\"elementor-column elementor-col-50 elementor-inner-column elementor-element elementor-element-10cf990\" data-id=\"10cf990\" data-element_type=\"column\">\n\t\t\t<div class=\"elementor-column-wrap elementor-element-populated\">\n\t\t\t\t\t\t\t<div class=\"elementor-widget-wrap\">\n\t\t\t\t\t\t<div class=\"elementor-element elementor-element-ad71027 elementor-position-top elementor-vertical-align-top elementor-widget elementor-widget-image-box\" data-id=\"ad71027\" data-element_type=\"widget\" data-widget_type=\"image-box.default\">\n\t\t\t\t<div class=\"elementor-widget-container\">\n\t\t\t<div class=\"elementor-image-box-wrapper\"><figure class=\"elementor-image-box-img\"><a href=\"https:\/\/www.bec.sp.gov.br\/\" target=\"_blank\"><img width=\"200\" height=\"200\" src=\"https:\/\/solucoes.prodesp.sp.gov.br\/apps\/portais\/template\/1\/wp-content\/uploads\/2020\/07\/bec.png\" class=\"attachment-full size-full\" alt=\"\" loading=\"lazy\" srcset=\"https:\/\/solucoes.prodesp.sp.gov.br\/apps\/portais\/template\/1\/wp-content\/uploads\/2020\/07\/bec.png 200w, https:\/\/solucoes.prodesp.sp.gov.br\/apps\/portais\/template\/1\/wp-content\/uploads\/2020\/07\/bec-150x150.png 150w\" sizes=\"(max-width: 200px) 100vw, 200px\" \/><\/a><\/figure><div class=\"elementor-image-box-content\"><h3 class=\"elementor-image-box-title\"><a href=\"https:\/\/www.bec.sp.gov.br\/\" target=\"_blank\">Licita\u00e7\u00f5es<\/a><\/h3><\/div><\/div>\t\t<\/div>\n\t\t\t\t<\/div>\n\t\t\t\t\t\t<\/div>\n\t\t\t\t\t<\/div>\n\t\t<\/div>\n\t\t\t\t\t\t\t\t<\/div>\n\t\t\t\t\t<\/div>\n\t\t<\/section>\n\t\t\t\t\t\t<\/div>\n\t\t\t\t\t<\/div>\n\t\t<\/div>\n\t\t\t\t\t\t\t\t<\/div>\n\t\t\t\t\t<\/div>\n\t\t<\/section>\n\t\t\t\t<section class=\"elementor-section elementor-top-section elementor-element elementor-element-01e471c elementor-section-boxed elementor-section-height-default elementor-section-height-default\" data-id=\"01e471c\" data-element_type=\"section\">\n\t\t\t\t\t\t<div class=\"elementor-container elementor-column-gap-default\">\n\t\t\t\t\t\t\t<div class=\"elementor-row\">\n\t\t\t\t\t<div class=\"elementor-column elementor-col-100 elementor-top-column elementor-element elementor-element-3f5f24e\" data-id=\"3f5f24e\" data-element_type=\"column\">\n\t\t\t<div class=\"elementor-column-wrap elementor-element-populated\">\n\t\t\t\t\t\t\t<div class=\"elementor-widget-wrap\">\n\t\t\t\t\t\t<div class=\"elementor-element elementor-element-eef7c3a elementor-widget elementor-widget-heading\" data-id=\"eef7c3a\" data-element_type=\"widget\" data-widget_type=\"heading.default\">\n\t\t\t\t<div class=\"elementor-widget-container\">\n\t\t\t<h2 class=\"elementor-heading-title elementor-size-default\">Servi\u00e7os online<\/h2>\t\t<\/div>\n\t\t\t\t<\/div>\n\t\t\t\t<section class=\"elementor-section elementor-inner-section elementor-element elementor-element-8df344b elementor-section-boxed elementor-section-height-default elementor-section-height-default\" data-id=\"8df344b\" data-element_type=\"section\">\n\t\t\t\t\t\t<div class=\"elementor-container elementor-column-gap-default\">\n\t\t\t\t\t\t\t<div class=\"elementor-row\">\n\t\t\t\t\t<div class=\"elementor-column elementor-col-25 elementor-inner-column elementor-element elementor-element-304432a\" data-id=\"304432a\" data-element_type=\"column\">\n\t\t\t<div class=\"elementor-column-wrap elementor-element-populated\">\n\t\t\t\t\t\t\t<div class=\"elementor-widget-wrap\">\n\t\t\t\t\t\t<div class=\"elementor-element elementor-element-4489d3f elementor-position-top elementor-vertical-align-top elementor-widget elementor-widget-image-box\" data-id=\"4489d3f\" data-element_type=\"widget\" data-widget_type=\"image-box.default\">\n\t\t\t\t<div class=\"elementor-widget-container\">\n\t\t\t<div class=\"elementor-image-box-wrapper\"><figure class=\"elementor-image-box-img\"><a href=\"#\"><img width=\"200\" height=\"200\" src=\"https:\/\/solucoes.prodesp.sp.gov.br\/apps\/portais\/template\/1\/wp-content\/uploads\/2020\/07\/iptu1.png\" class=\"attachment-full size-full\" alt=\"\" loading=\"lazy\" srcset=\"https:\/\/solucoes.prodesp.sp.gov.br\/apps\/portais\/template\/1\/wp-content\/uploads\/2020\/07\/iptu1.png 200w, https:\/\/solucoes.prodesp.sp.gov.br\/apps\/portais\/template\/1\/wp-content\/uploads\/2020\/07\/iptu1-150x150.png 150w\" sizes=\"(max-width: 200px) 100vw, 200px\" \/><\/a><\/figure><div class=\"elementor-image-box-content\"><h3 class=\"elementor-image-box-title\"><a href=\"#\">IPTU<\/a><\/h3><\/div><\/div>\t\t<\/div>\n\t\t\t\t<\/div>\n\t\t\t\t\t\t<\/div>\n\t\t\t\t\t<\/div>\n\t\t<\/div>\n\t\t\t\t<div class=\"elementor-column elementor-col-25 elementor-inner-column elementor-element elementor-element-2e33d6b\" data-id=\"2e33d6b\" data-element_type=\"column\">\n\t\t\t<div class=\"elementor-column-wrap elementor-element-populated\">\n\t\t\t\t\t\t\t<div class=\"elementor-widget-wrap\">\n\t\t\t\t\t\t<div class=\"elementor-element elementor-element-7d4df82 elementor-position-top elementor-vertical-align-top elementor-widget elementor-widget-image-box\" data-id=\"7d4df82\" data-element_type=\"widget\" data-widget_type=\"image-box.default\">\n\t\t\t\t<div class=\"elementor-widget-container\">\n\t\t\t<div class=\"elementor-image-box-wrapper\"><figure class=\"elementor-image-box-img\"><a href=\"#\"><img width=\"200\" height=\"200\" src=\"https:\/\/solucoes.prodesp.sp.gov.br\/apps\/portais\/template\/1\/wp-content\/uploads\/2020\/07\/nfe1.png\" class=\"attachment-full size-full\" alt=\"\" loading=\"lazy\" srcset=\"https:\/\/solucoes.prodesp.sp.gov.br\/apps\/portais\/template\/1\/wp-content\/uploads\/2020\/07\/nfe1.png 200w, https:\/\/solucoes.prodesp.sp.gov.br\/apps\/portais\/template\/1\/wp-content\/uploads\/2020\/07\/nfe1-150x150.png 150w\" sizes=\"(max-width: 200px) 100vw, 200px\" \/><\/a><\/figure><div class=\"elementor-image-box-content\"><h3 class=\"elementor-image-box-title\"><a href=\"#\">Nota fiscal eletr\u00f4nica<\/a><\/h3><\/div><\/div>\t\t<\/div>\n\t\t\t\t<\/div>\n\t\t\t\t\t\t<\/div>\n\t\t\t\t\t<\/div>\n\t\t<\/div>\n\t\t\t\t<div class=\"elementor-column elementor-col-25 elementor-inner-column elementor-element elementor-element-d0d6b30\" data-id=\"d0d6b30\" data-element_type=\"column\">\n\t\t\t<div class=\"elementor-column-wrap elementor-element-populated\">\n\t\t\t\t\t\t\t<div class=\"elementor-widget-wrap\">\n\t\t\t\t\t\t<div class=\"elementor-element elementor-element-542f03f elementor-position-top elementor-vertical-align-top elementor-widget elementor-widget-image-box\" data-id=\"542f03f\" data-element_type=\"widget\" data-widget_type=\"image-box.default\">\n\t\t\t\t<div class=\"elementor-widget-container\">\n\t\t\t<div class=\"elementor-image-box-wrapper\"><figure class=\"elementor-image-box-img\"><a href=\"#\"><img width=\"200\" height=\"200\" src=\"https:\/\/solucoes.prodesp.sp.gov.br\/apps\/portais\/template\/1\/wp-content\/uploads\/2020\/07\/certidao-negativa1.png\" class=\"attachment-full size-full\" alt=\"\" loading=\"lazy\" srcset=\"https:\/\/solucoes.prodesp.sp.gov.br\/apps\/portais\/template\/1\/wp-content\/uploads\/2020\/07\/certidao-negativa1.png 200w, https:\/\/solucoes.prodesp.sp.gov.br\/apps\/portais\/template\/1\/wp-content\/uploads\/2020\/07\/certidao-negativa1-150x150.png 150w\" sizes=\"(max-width: 200px) 100vw, 200px\" \/><\/a><\/figure><div class=\"elementor-image-box-content\"><h3 class=\"elementor-image-box-title\"><a href=\"#\">Certid\u00e3o negativa<\/a><\/h3><\/div><\/div>\t\t<\/div>\n\t\t\t\t<\/div>\n\t\t\t\t\t\t<\/div>\n\t\t\t\t\t<\/div>\n\t\t<\/div>\n\t\t\t\t<div class=\"elementor-column elementor-col-25 elementor-inner-column elementor-element elementor-element-43ee1f8\" data-id=\"43ee1f8\" data-element_type=\"column\">\n\t\t\t<div class=\"elementor-column-wrap elementor-element-populated\">\n\t\t\t\t\t\t\t<div class=\"elementor-widget-wrap\">\n\t\t\t\t\t\t<div class=\"elementor-element elementor-element-1788040 elementor-position-top elementor-vertical-align-top elementor-widget elementor-widget-image-box\" data-id=\"1788040\" data-element_type=\"widget\" data-widget_type=\"image-box.default\">\n\t\t\t\t<div class=\"elementor-widget-container\">\n\t\t\t<div class=\"elementor-image-box-wrapper\"><figure class=\"elementor-image-box-img\"><a href=\"#\"><img width=\"200\" height=\"200\" src=\"https:\/\/solucoes.prodesp.sp.gov.br\/apps\/portais\/template\/1\/wp-content\/uploads\/2020\/07\/pesquisa-processos1.png\" class=\"attachment-full size-full\" alt=\"\" loading=\"lazy\" srcset=\"https:\/\/solucoes.prodesp.sp.gov.br\/apps\/portais\/template\/1\/wp-content\/uploads\/2020\/07\/pesquisa-processos1.png 200w, https:\/\/solucoes.prodesp.sp.gov.br\/apps\/portais\/template\/1\/wp-content\/uploads\/2020\/07\/pesquisa-processos1-150x150.png 150w\" sizes=\"(max-width: 200px) 100vw, 200px\" \/><\/a><\/figure><div class=\"elementor-image-box-content\"><h3 class=\"elementor-image-box-title\"><a href=\"#\">Consulta de processos<\/a><\/h3><\/div><\/div>\t\t<\/div>\n\t\t\t\t<\/div>\n\t\t\t\t\t\t<\/div>\n\t\t\t\t\t<\/div>\n\t\t<\/div>\n\t\t\t\t\t\t\t\t<\/div>\n\t\t\t\t\t<\/div>\n\t\t<\/section>\n\t\t\t\t\t\t<\/div>\n\t\t\t\t\t<\/div>\n\t\t<\/div>\n\t\t\t\t\t\t\t\t<\/div>\n\t\t\t\t\t<\/div>\n\t\t<\/section>\n\t\t\t\t\t\t<\/div>\n\t\t\t\t\t\t<\/div>\n\t\t\t\t\t<\/div>\n\t\t","protected":false},"excerpt":{"rendered":"<p>Mais acessados Concursos Licita\u00e7\u00f5es Servi\u00e7os online IPTU Nota fiscal eletr\u00f4nica Certid\u00e3o negativa Consulta de processos<\/p>\n","protected":false},"author":1,"featured_media":0,"parent":0,"menu_order":0,"comment_status":"closed","ping_status":"closed","template":"","meta":[],"_links":{"self":[{"href":"https:\/\/solucoes.prodesp.sp.gov.br\/apps\/portais\/template\/1\/index.php\/wp-json\/wp\/v2\/pages\/134"}],"collection":[{"href":"https:\/\/solucoes.prodesp.sp.gov.br\/apps\/portais\/template\/1\/index.php\/wp-json\/wp\/v2\/pages"}],"about":[{"href":"https:\/\/solucoes.prodesp.sp.gov.br\/apps\/portais\/template\/1\/index.php\/wp-json\/wp\/v2\/types\/page"}],"author":[{"embeddable":true,"href":"https:\/\/solucoes.prodesp.sp.gov.br\/apps\/portais\/template\/1\/index.php\/wp-json\/wp\/v2\/users\/1"}],"replies":[{"embeddable":true,"href":"https:\/\/solucoes.prodesp.sp.gov.br\/apps\/portais\/template\/1\/index.php\/wp-json\/wp\/v2\/comments?post=134"}],"version-history":[{"count":4,"href":"https:\/\/solucoes.prodesp.sp.gov.br\/apps\/portais\/template\/1\/index.php\/wp-json\/wp\/v2\/pages\/134\/revisions"}],"predecessor-version":[{"id":151,"href":"https:\/\/solucoes.prodesp.sp.gov.br\/apps\/portais\/template\/1\/index.php\/wp-json\/wp\/v2\/pages\/134\/revisions\/151"}],"wp:attachment":[{"href":"https:\/\/solucoes.prodesp.sp.gov.br\/apps\/portais\/template\/1\/index.php\/wp-json\/wp\/v2\/media?parent=134"}],"curies":[{"name":"wp","href":"https:\/\/api.w.org\/{rel}","templated":true}]}}